se 16.
9e
1 (base 14) to base 8
1
Convert -87 (base 13) to base 11.
-a1
Convert 12 (base 4) to base 2.
110
Convert 2 (base 11) to base 12.
2
135 (base 7) to base 5
300
Convert 0 (base 2) to base 15.
0
-21 (base 8) to base 3
-122
24 (base 8) to base 10
20
What is 3102 (base 4) in base 2?
11010010
Convert -1 (base 9) to base 15.
-1
What is -111 (base 2) in base 4?
-13
What is b5 (base 16) in base 8?
265
What is -12 (base 5) in base 9?
-7
Convert 25 (base 13) to base 8.
37
What is 7 (base 13) in base 16?
7
135 (base 7) to base 8
113
What is -20 (base 11) in base 5?
-42
What is -4 (base 14) in base 3?
-11
What is 10 (base 15) in base 5?
30
What is -113 (base 14) in base 13?
-135
Convert 6 (base 7) to base 14.
6
221 (base 8) to base 13
b2
What is -22 (base 3) in base 12?
-8
What is 81 (base 11) in base 14?
65
What is 1012 (base 3) in base 16?
20
Convert -2 (base 3) to base 16.
-2
Convert -121 (base 15) to base 5.
-2011
What is -3 (base 13) in base 8?
-3
0 (base 5) to base 9
0
Convert 5 (base 6) to base 2.
101
-35 (base 6) to base 3
-212
Convert -8 (base 16) to base 5.
-13
6 (base 12) to base 8
6
-1 (base 11) to base 13
-1
Convert -12 (base 13) to base 7.
-21
Convert 22 (base 10) to base 7.
31
Convert -56 (base 9) to base 10.
-51
What is -11 (base 8) in base 11?
-9
Convert 7 (base 12) to base 9.
7
What is -40 (base 7) in base 12?
-24
Convert 8 (base 12) to base 5.
13
What is -148 (base 9) in base 8?
-175
What is -6 (base 10) in base 13?
-6
Convert 3 (base 12) to base 16.
3
What is -13 (base 8) in base 16?
-b
-12 (base 5) to base 13
-7
Convert -316 (base 7) to base 12.
-114
Convert 1111 (base 2) to base 5.
30
Convert 34 (base 14) to base 6.
114
What is -43 (base 16) in base 14?
-4b
Convert 100000 (base 2) to base 15.
22
Convert 0 (base 5) to base 10.
0
-8 (base 9) to base 5
-13
Convert -15 (base 6) to base 13.
-b
100001010 (base 2) to base 8
412
Convert -1011 (base 2) to base 16.
-b
-42 (base 11) to base 6
-114
Convert -113 (base 15) to base 10.
-243
-13 (base 7) to base 9
-11
-2 (base 3) to base 6
-2
13 (base 4) to base 10
7
Convert -86 (base 9) to base 8.
-116
What is 30 (base 4) in base 11?
11
Convert -b (base 13) to base 3.
-102
What is -1c (base 13) in base 8?
-31
-41 (base 13) to base 2
-110101
What is 1000010 (base 2) in base 15?
46
What is -2 (base 12) in base 8?
-2
170 (base 10) to base 4
2222
Convert 123 (base 5) to base 14.
2a
What is 131 (base 4) in base 5?
104
What is -135 (base 8) in base 4?
-1131
3 (base 12) to base 9
3
What is -1321 (base 6) in base 14?
-1a1
Convert -5 (base 15) to base 4.
-11
Convert -1111 (base 2) to base 5.
-30
15 (base 10) to base 4
33
-1 (base 11) to base 10
-1
What is -91 (base 13) in base 14?
-86
What is -106 (base 13) in base 9?
-214
Convert 3 (base 5) to base 15.
3
Convert 9 (base 12) to base 3.
100
What is -14 (base 10) in base 2?
-1110
10000 (base 2) to base 10
16
What is -412 (base 6) in base 2?
-10011000
1a (base 13) to base 9
25
10100 (base 2) to base 5
40
What is -4 (base 15) in base 2?
-100
Convert 10001001 (base 2) to base 14.
9b
What is -19 (base 10) in base 14?
-15
Convert -21 (base 9) to base 12.
-17
18 (base 14) to base 9
24
1 (base 6) to base 15
1
-21 (base 3) to base 9
-7
What is 10 (base 11) in base 10?
11
Convert -1 (base 3) to base 12.
-1
7 (base 15) to base 12
7
0 (base 4) to base 7
0
Convert -3 (base 11) to base 15.
-3
100 (base 3) to base 16
9
3 (base 10) to base 9
3
Convert 11 (base 5) to base 3.
20
Convert 101 (base 2) to base 4.
11
-1 (base 10) to base 6
-1
Convert -1 (base 6) to base 9.
-1
What is -33 (base 10) in base 3?
-1020
-30 (base 14) to base 12
-36
What is -7 (base 16) in base 10?
-7
-101000 (base 2) to base 11
-37
What is b1 (base 13) in base 11?
121
Convert -3 (base 5) to base 9.
-3
What is 5 (base 6) in base 15?
5
Convert -2121 (base 3) to base 13.
-55
Convert 25 (base 14) to base 4.
201
What is 6 (base 10) in base 13?
6
-63 (base 15) to base 16
-5d
Convert -32 (base 8) to base 15.
-1b
What is -25 (base 8) in base 9?
-23
What is -20 (base 3) in base 9?
-6
What is -2 (base 11) in base 6?
-2
What is -12 (base 13) in base 6?
-23
What is 1 (base 5) in base 9?
1
3 (base 6) to base 8
3
What is -105 (base 6) in base 16?
-29
What is -6 (base 15) in base 2?
-110
-45 (base 11) to base 13
-3a
13 (base 6) to base 8
11
Convert 96 (base 13) to base 4.
1323
Convert 2 (base 14) to base 10.
2
Convert 2 (base 4) to base 13.
2
Convert -cb (base 15) to base 8.
-277
0 (base 8) to base 5
0
Convert -1000 (base 3) to base 10.
-27
What is 22 (base 4) in base 14?
a
What is -14 (base 10) in base 16?
-e
-8 (base 13) to base 3
-22
Convert -51 (base 6) to base 13.
-25
Convert -99 (base 10) to base 7.
-201
1 (base 9) to base 8
1
Convert 13 (base 5) to base 16.
8
Convert 11 (base 3) to base 10.
4
Convert 158 (base 9) to base 13.
a4
1 (base 4) to base 16
1
Convert -173 (base 16) to base 3.
-111202
159 (base 12) to base 16
d5
Convert -2aa (base 11) to base 3.
-111102
Convert -102111 (base 3) to base 14.
-182
What is -68 (base 9) in base 5?
-222
Convert 2 (base 14) to base 12.
2
200 (base 11) to base 10
242
-44 (base 6) to base 4
-130
Convert 4 (base 12) to base 11.
4
-1 (base 14) to base 11
-1
0 (base 15) to base 4
0
Convert 31 (base 4) to base 3.
111
Convert -10 (base 13) to base 16.
-d
-14 (base 9) to base 12
-11
What is -40 (base 13) in base 15?
-37
Convert 21 (base 11) to base 12.
1b
What is -30 (base 4) in base 6?
-20
Convert -5 (base 12) to base 7.
-5
23 (base 15) to base 2
100001
What is 65 (base 10) in base 7?
122
-10000000 (base 2) to base 8
-200
Convert -178 (base 9) to base 16.
-98
Convert -15 (base 12) to base 13.
-14
Convert -9 (base 15) to base 3.
-100
What is -15 (base 8) in base 13?
-10
What is -1 (base 6) in base 13?
-1
-303 (base 5) to base 7
-141
1 (base 14) to base 9
1
-24 (base 10) to base 6
-40
What is 3 (base 14) in base 2?
11
What is -1 (base 2) in base 8?
-1
What is -9b (base 14) in base 15?
-92
-23 (base 6) to base 8
-17
What is 1 (base 7) in base 6?
1
What is -20 (base 9) in base 5?
-33
What is 10 (base 4) in base 5?
4
-10 (base 8) to base 15
-8
-24 (base 10) to base 12
-20
What is 4 (base 8) in base 9?
4
What is -37 (base 12) in base 4?
-223
-10 (base 13) to base 7
-16
12 (base 4) to base 6
10
6 (base 16) to base 6
10
40 (base 10) to base 3
1111
Convert -3 (base 15) to base 14.
-3
What is -3 (base 12) in base 3?
-10
What is 3 (base 11) in base 14?
3
What is 2 (base 6) in base 2?
10
What is 4 (base 6) in base 3?
11
What is -21 (base 3) in base 15?
-7
Convert 3 (base 12) to base 8.
3
What is 1d (base 15) in base 13?
22
What is -3 (base 15) in base 12?
-3
Convert 3 (base 13) to base 4.
3
What is -6 (base 14) in base 5?
-11
Convert -5 (base 9) to base 4.
-11
What is 33 (base 12) in base 3?
1110
What is 15 (base 13) in base 12?
16
-107 (base 13) to base 15
-bb
-65 (base 8) to base 15
-38
What is 6 (base 12) in base 13?
6
What is 1 (base 14) in base 7?
1
What is 6 (base 12) in base 4?
12
Convert -29 (base 16) to base 13.
-32
-2 (base 9) to base 6
-2
-1 (base 15) to base 13
-1
Convert 105 (base 12) to base 13.
b6
Convert 2 (base 5) to base 4.
2
What is 11 (base 3) in base 6?
4
What is 10 (base 7) in base 13?
7
Convert 15 (base 11) to base 6.
24
2 (base 9) to base 3
2
Convert -21 (base 10) to base 12.
-19
Convert -10 (base 4) to base 13.
-4
1 (base 9) to base 10
1
What is -11 (base 4) in base 13?
-5
-1 (base 2) to base 14
-1
What is -b (base 14) in base 3?
-102
Convert 1001 (base 3) to base 11.
26
11110 (base 2) to base 3
1010
Convert -1 (base 12) to base 13.
-1
Convert -20 (base 6) to base 8.
-14
What is -17 (base 9) in base 10?
-16
-100 (base 2) to base 10
-4
-69 (base 12) to base 6
-213
Convert 2 (base 13) to base 3.
2
What is 73 (base 8) in base 13?
47
What is -13 (base 15) in base 16?
-12
Convert -142 (base 5) to base 3.
-1202
a (base 14) to base 9
11
What is 90 (base 16) in base 3?
12100
Convert 6f (base 16) to base 2.
1101111
What is -49 (base 15) in base 6?
-153
-1 (base 6) to base 2
-1
5 (base 14) to base 12
5
Convert -d (base 14) to base 16.
-d
Convert 0 (base 4) to base 13.
0
Convert -3 (base 8) to base 15.
-3
-20 (base 13) to base 9
-28
What is 100 (base 2) in base 8?
4
What is 1021 (base 3) in base 9?
37
What is -2 (base 14) in base 6?
-2
Convert 30 (base 7) to base 15.
